= -3*j + 63. Let h be v(20). What are the prime factors of 18/12*(86/h - 0)?
43
Let b(i) = -i**3 + 4*i**2 + i - 1. Let k be b(4). Suppose 0 = -k*q - 265 + 811. What are the prime factors of q?
2, 7, 13
Let a(g) = 2*g**3 + 10*g**2 - 12*g + 18. What are the prime factors of a(5)?
2, 229
Suppose -3*f = 5*c - 7460, 4965 = 2*f - 102*c + 97*c. What are the prime factors of f?
5, 7, 71
Suppose -c - 3 + 1 = -q, -3*c + 12 = 0. Suppose -v - q = 4. List the prime factors of 325/(-10)*16/v.
2, 13
Suppose 14*c - 159 = 12721. What are the prime factors of c?
2, 5, 23
Let c be 129/2*(4 - (-16)/(-6)). Let p = c + -9. What are the prime factors of p?
7, 11
Suppose 0 = -20*o + 15*o + 25. Suppose 3*y + 522 = 3*b, 0 = 3*b + o*y + 298 - 836. List the prime factors of b.
2, 11
Suppose 2*o = -a + 6, a = -o + 4*o - 19. Suppose o*m = -25, 4*n - 30 = 5*m + 3. Suppose -4*s + 2 = -4*p + 10, -n*s = 4*p - 8. What are the prime factors of p?
2
Let y(m) = -m**3 - 62*m**2 + 282*m - 107. List the prime factors of y(-67).
2, 3, 7, 41
What are the prime factors of ((-19)/38)/((-3)/2466)?
3, 137
Suppose 8 = -8*o + 6*o. What are the prime factors of 84/(7*o/(-98))?
2, 3, 7
Suppose -r + 0*r = -4. Suppose -2*g + 3*g + r = 4*w, -w + 3*g = 10. What are the prime factors of (-146)/(-4) + w/(-4)?
2, 3
List the prime factors of -1*3*(-4890)/45.
2, 163
Let i be -3*45*(-4)/6. What are the prime factors of (1 - (-4 - -2 - i)) + -2?
7, 13
Let g(t) = 730*t**2 + 1. Let r be g(-1). Suppose 8*p - r = 85. What are the prime factors of p?
2, 3, 17
Let l(q) = -40*q - 4. Suppose 0 = 2*u - 3*u - 3*j - 13, -3*u + 4*j = 0. What are the prime factors of l(u)?
2, 3, 13
Let k(y) = -2*y**3 + 17*y**2 + 11*y + 7. Let f(c) = -3*c**3 + 18*c**2 + 10*c + 6. Let i(l) = 3*f(l) - 4*k(l). What are the prime factors of i(-13)?
3
Let m(h) be the third derivative of -h**5/60 + h**4/3 + h**3/6 - 10*h**2. What are the prime factors of m(5)?
2
Suppose 0 = -3*j + 2*p + 10, p - 6*p = 2*j + 25. Let s = j + 18. List the prime factors of s.
2, 3
Let y(r) = 262*r - 167. List the prime factors of y(15).
53, 71
Let o(d) = d**3 - 15*d**2 + 12*d + 16. Let j be o(14). Let c = 156 - j. What are the prime factors of c?
2, 3, 7
Suppose 3*g = -3*k + 876, 0 = -k - 9*g + 10*g + 290. What are the prime factors of k?
3, 97
Suppose -303*c + 2880 = -293*c. What are the prime factors of c?
2, 3
Let h(y) = y**2 - 9*y - 20. Let l be h(11). Suppose l*k = k + 5*v + 18, -v - 3 = 0. List the prime factors of k.
3
Let d = -6795 + 9578. List the prime factors of d.
11, 23
Let t be (-244)/(-12) + (-4)/(-6). What are the prime factors of 552/(-42)*t/(-6)?
2, 23
Let q be 1 - -1 - (1 - 49). Let n = -13 - -5. Let l = n + q. What are the prime factors of l?
2, 3, 7
Suppose -74 = -3*h + 43. Let s = 164 - h. List the prime factors of s.
5
Let v(l) = -l**3 + 6*l**2 - l - 2. Suppose 4*q - h - 35 = 4*h, -3*q + 4*h = -27. Let o be (-351)/(-65) + (-2)/q. What are the prime factors of v(o)?
2, 3
Let n = 16 - 30. Let j = 1438 + -1714. List the prime factors of j/n + 2/7.
2, 5
Suppose 4*o + t = -4*t + 377, 0 = -4*o + 2*t + 342. Suppose -o + 13 = -f. What are the prime factors of f?
3, 5
Let j(m) = 141*m**2 - 3*m + 1. List the prime factors of j(-4).
2269
Suppose -2*p + 0*p = 0. Suppose -2*v = 2*v + 2*r - 138, p = -5*v + r + 155. What are the prime factors of v?
2
Suppose -1 = b, -5*b = 2*r - 207 + 58. Suppose -4*i - 17 + r = 0. Suppose 15 = 5*n, -3*o + 4*n + i = -2*o. What are the prime factors of o?
3
Suppose 2*z = -4*g + 316 + 26, z - 5*g - 143 = 0. Let i be (-2)/11 + z/(-11). List the prime factors of ((-48)/(-30))/((-2)/i).
2, 3
Let p(d) = -d**2 + 3*d + 2. Let j be p(3). Let h(r) = 2*r - 13. Let n be h(9). List the prime factors of (0 + n)*2/j.
5
Suppose -5*n = -0 - 15. Let d(z) = 5*z**2 - 15*z**n - 3*z**2 - 8*z**3 + 4*z - 3*z. What are the prime factors of d(-1)?
2, 3
Let y be (1 + 0)*(-11 - -11). Suppose 5*w + 2*i + 2*i - 2 = y, -3*w = -5*i - 16. Let f = w + 5. List the prime factors of f.
7
Suppose -1049 = -3*y - b, -4*b + 363 = y - 5. Let j = 492 - y. What are the prime factors of j?
2, 3
Let n(s) = 2*s**3 + 4*s**2 - 16*s + 13. List the prime factors of n(7).
3, 29
Suppose -g + 406 = 2*y, 2*y + 898 = 2*g + 74. Suppose x = 5*d + 173, -g = 3*x + 5*d - 989. List the prime factors of x.
2, 47
Suppose -2*z + 4*i - 232 = 2*z, 3*z + i + 170 = 0. Let j = 211 + z. List the prime factors of j.
2, 7, 11
Suppose -1 = d - s, 0*d - s + 5 = -3*d. Let g(f) = -f. Let v be g(d). Suppose 4*y = -3*b + 93, -4*y - v*b - 26 = -5*y. What are the prime factors of y?
2, 3
Let n = -31 + 39. What are the prime factors of ((-12)/n)/((-6)/292)?
73
Suppose -2*k + 18 = -4*k. Let s = 14 + k. What are the prime factors of (-6)/15 - (-137)/s?
3
Let l(o) = 12*o**2 - 2*o + 3. Let u be l(2). Let p = -521 + u. List the prime factors of (-12)/21 - p/21.
2, 11
Let i be -13 + 13 + 0/2. Suppose 5*c = -j + 654, 2*c - 256 = -i*c + j. What are the prime factors of c?
2, 5, 13
Let n(t) = 173*t**2 + 5*t + 16. What are the prime factors of n(-3)?
2, 19, 41
List the prime factors of 51618/294 + ((-9)/(-21))/1.
2, 11
Let r(s) = 370*s - 157. List the prime factors of r(6).
2063
Suppose 357 = -5*a + 4*c + 5462, 3*a + 2*c = 3063. What are the prime factors of a?
1021
Suppose -3*w - 332 + 2051 = 0. List the prime factors of w.
3, 191
Suppose 2*y = -2*f - 12, -3*y - 6 = -3*f + 2*f. List the prime factors of 41*f*(-10)/6.
5, 41
Suppose 28 = v - 12. Let p = v - 10. What are the prime factors of p?
2, 3, 5
Let h(q) = -5*q + 12. Let f be h(-4). Let s = -26 + f. List the prime factors of s.
2, 3
Suppose 4*n - 9 = -5. Let p be (45/10)/(n/(-14)). Let o = 119 + p. List the prime factors of o.
2, 7
Let c(y) = -y**2 + 26*y - 96. What are the prime factors of c(17)?
3, 19
Let i(m) = -m + 1. Let d(x) = -11*x - 2. Let f(p) = d(p) - 4*i(p). Let g(z) = -z**2 - 18*z - 35. Let j be g(-16). What are the prime factors of f(j)?
3, 5
Let t = -92 - -150. What are the prime factors of t?
2, 29
Suppose 0 = -3*m + 2*k + 21, -3*m + 3*k + 21 = 2*k. Suppose 4*c - 11 = 5*h, -m = -c - 0*c - 3*h. What are the prime factors of 33 + 0/(16/c)?
3, 11
Suppose 4*v = 2*g - 330, -321 = -2*g - 41*v + 42*v. What are the prime factors of g?
3, 53
Let w be (2 + -5 - -2) + 1. Suppose 3*f + 4 - 37 = w. Let y = 34 - f. What are the prime factors of y?
23
Let z(x) = -x**3 - x**2 - 8. Let q be z(0). Let c = q + 10. Suppose b - c*b + 3 = 0. What are the prime factors of b?
3
Suppose -2*b + 5*v = 64, 2*v = b + 3*b + 112. Let u be (-36)/b*(0 - -3). Suppose r = 14 - u. What are the prime factors of r?
2, 5
Let t = 27 - 23. Let m(l) = -16*l**2 - 3*l. Let r(z) = 16*z**2 + 2*z. Let i(s) = t*r(s) + 3*m(s). List the prime factors of i(-1).
17
Suppose -22*t + 49*t - 41121 = 0. List the prime factors of t.
1523
What are the prime factors of 3 + 1 + (9 - -3576 - 0)?
37, 97
List the prime factors of 1594 - (-12 + -1 - -12).
5, 11, 29
Let u = 44 - 24. Let d be (-9)/15 + 72/u. Suppose -c + 46 = 3*w, 4*w + 104 = d*c - 21. List the prime factors of c.
43
Let r be 3 + 5/(15/48). Suppose 4*g - 2*g = -d - 7, 3*d - 2*g = r. Suppose a - d = -0. List the prime factors of a.
3
Let q(v) = 6*v + 3. Let d be q(-3). Let i = d - -13. List the prime factors of (-1)/i + (-202)/(-4).
3, 17
Suppose -2*n + 201 = -r, -10 = 4*n - 2. Let i = r - -375. List the prime factors of i.
2, 5, 17
Let r = -15 + 42. Let b(a) = 2*a**2 + 2*a + 6. Let v be b(-3). What are the prime factors of (34 - 1)/(r/v)?
2, 11
Suppose -n = 2*n + 6. Let u = n + 6. Suppose 0 = -5*p + x + 23, 3*p - 9 = 5*x - u. List the prime factors of p.
5
Let r be 6/((-6)/(-4) - 1). Suppose -r = 8*b - 10*b. List the prime factors of b.
2, 3
Let i = 156 - 145. Suppose 390 = -i*m + 14*m. What are the prime factors of m?
2, 5, 13
Let y(x) = 222*x**2 + x - 4. What are the prime factors of y(3)?
1997
List the prime factors of (5 - -1078)/(-3*2/(-20)).
2, 5, 19
Suppose 13*v - 10370 = 25874. What are the prime factors of v?
2, 17, 41
Let f(l) = l**3 - 37*l**2 + 9*l - 17. List the prime factors of f(37).
2, 79
Let c = -20 + 58. Let y = c - 4. List the prime factors of y.
2, 17
Suppose 0 = 4*t - 4, 5*t = o + 3*t - 1397. Suppose 0 = 6*l - 3*l + 3*c - 1047, -4*l = 3*c - o. What are the prime factors of l?
2, 11
Suppose l = -0*g - 3*g + 47, -24 =